{"id":480,"date":"2008-07-28T15:51:20","date_gmt":"2008-07-28T12:51:20","guid":{"rendered":"http:\/\/simonas.bartkus.lt\/blog\/?page_id=480"},"modified":"2016-03-02T21:45:49","modified_gmt":"2016-03-02T19:45:49","slug":"citavimo-ir-publikavimo-taisykles","status":"publish","type":"page","link":"https:\/\/simonas.bartkus.lt\/blog\/citavimo-ir-publikavimo-taisykles\/","title":{"rendered":"Citavimo ir publikavimo taisykl\u0117s"},"content":{"rendered":"<p>\u0160iame tinklara\u0161tyje yra skelbiama asmenin\u0117 autoriaus nuomon\u0117. Nuomon\u0119 visada stengiuosi pagr\u012fsti faktais, kuriuos paminiu, arba pateikiu nuorodas \u012f juos.<\/p>\n<p>Paskelbtos informacijos citavim\u0105 ar jo atskir\u0173 dali\u0173 perspausdinim\u0105 labiau laikau pripa\u017einimu negu vagyste. Cituoti, perspausdinti tinklara\u0161\u010dio med\u017eiag\u0105 galima, naudojantis pagrindin\u0117mis dviem taisykl\u0117mis: informuoti mane apie panaudojim\u0105 bei nurodyti informacijos \u0161altin\u012f. I\u0161samesnes taisykles atskiroms \u017einiasklaidos priemon\u0117ms pateikiu \u0161io straipsnio antroje pus\u0117je.<\/p>\n<p>Panaudojus, perspausdinus ar pacitavus tinklara\u0161\u010dio turin\u012f ar turinio dal\u012f, tai toliau i\u0161lieka tinklara\u0161\u010dio autoriaus asmenine nuomone.<\/p>\n<p>Cituojant, perspausdinant ar kitaip naudojant \u0161io tinklara\u0161\u010dio turin\u012f, pra\u0161au laikytis \u0161i\u0173 princip\u0173:<\/p>\n<p><strong>Internetinei \u017einiasklaidai:<\/strong><\/p>\n<p>1. Atsi\u0173sti \u017einut\u0119 el. pa\u0161tu simonas &#8222;eta&#8221; bartkus.lt apie tai, kur ir kada (nurodant tiksli\u0105 nuorod\u0105) bus panaudotas tinklara\u0161\u010dio turinys ar jo dalis;<\/p>\n<p>2. Nurodyti, jog turinys yra paimtas i\u0161 &#8222;Simono Bartkaus BLOGo&#8221; arba &#8222;Simono Bartkaus tinklara\u0161\u010dio&#8221; bei pateikti aktyvi\u0105 (!) nuorod\u0105 \u012f http:\/\/simonas.bartkus.lt\/blog\/<\/p>\n<p>3. Perspausdinant didesn\u0119 turinio dal\u012f pra\u0161au i\u0161laikyti tekste naudojamas aktyvias nuorodas. Nuorodos reikalingos, kadangi be j\u0173 tekstas pasidaro ne iki galo ai\u0161kus, taip pat nuorodos yra tinklara\u0161\u010dio esm\u0117.<\/p>\n<p>4. Perspausdinant vis\u0105 tinklara\u0161\u010dio \u012fra\u0161\u0105, b\u016btina pateikti tiksli\u0105 nuorod\u0105 \u012f tiesiogin\u0119 \u012fra\u0161o per\u017ei\u016br\u0105 mano tinklara\u0161tyje.<\/p>\n<p><strong>&#8222;Popierinei&#8221; \u017einiasklaidai (laikra\u0161\u010diams, \u017eurnalams ir kt.):<\/strong><\/p>\n<p>1. Atsi\u0173sti \u017einut\u0119 el. pa\u0161tu simonas &#8222;eta&#8221; bartkus.lt apie tai, kur ir kada (nurodant tiksli\u0105 nuorod\u0105) bus panaudotas tinklara\u0161\u010dio turinys ar jo dalis;<\/p>\n<p>2. Cituojant nurodyti \u0161altin\u012f: &#8222;Simono Bartkaus tinklara\u0161tis (http:\/\/simonas.bartkus.lt\/blog\/). Pra\u0161au pagal galimyb\u0119 nei\u0161kraipyti \u0161ios \u0161altinio formuluot\u0117s, i\u0161saugant ir spausdinant interneto adres\u0105 taip pat).<\/p>\n<p><strong>Garsinei\/vaizdinei \u017einiasklaidai (radijas, televizija):<\/strong><\/p>\n<p>1. Atsi\u0173sti \u017einut\u0119 el. pa\u0161tu simonas &#8222;eta&#8221; bartkus.lt apie tai, kur ir kada bus panaudotas tinklara\u0161\u010dio turinys ar jo dalis;<\/p>\n<p>2. Skelbiant informacij\u0105 ar citat\u0105, pra\u0161au nurodyti, jog informacija yra i\u0161 &#8222;Simono Bartkaus tinklara\u0161\u010dio&#8221; (nepainioti su &#8222;Simono Bartkaus&#8221; informacija, prid\u0117kite apie tinklara\u0161t\u012f).<\/p>\n<p><strong>Kolegoms tinklara\u0161tininkams:<\/strong><\/p>\n<p>1. Tiesiog naudokite &#8222;Via Simonas Bartkus&#8221; su aktyvia nuoroda.<\/p>\n","protected":false},"excerpt":{"rendered":"<p>\u0160iame tinklara\u0161tyje yra skelbiama asmenin\u0117 autoriaus nuomon\u0117. Nuomon\u0119 visada stengiuosi pagr\u012fsti faktais, kuriuos paminiu, arba pateikiu nuorodas \u012f juos. Paskelbtos informacijos citavim\u0105 ar jo atskir\u0173 dali\u0173 perspausdinim\u0105 labiau laikau pripa\u017einimu negu vagyste. Cituoti, perspausdinti tinklara\u0161\u010dio med\u017eiag\u0105 galima, naudojantis pagrindin\u0117mis dviem taisykl\u0117mis: informuoti mane apie panaudojim\u0105 bei nurodyti informacijos \u0161altin\u012f. I\u0161samesnes taisykles atskiroms \u017einiasklaidos priemon\u0117ms pateikiu [&hellip;]<\/p>\n","protected":false},"author":2,"featured_media":0,"parent":0,"menu_order":0,"comment_status":"closed","ping_status":"open","template":"","meta":[],"_links":{"self":[{"href":"https:\/\/simonas.bartkus.lt\/blog\/wp-json\/wp\/v2\/pages\/480"}],"collection":[{"href":"https:\/\/simonas.bartkus.lt\/blog\/wp-json\/wp\/v2\/pages"}],"about":[{"href":"https:\/\/simonas.bartkus.lt\/blog\/wp-json\/wp\/v2\/types\/page"}],"author":[{"embeddable":true,"href":"https:\/\/simonas.bartkus.lt\/blog\/wp-json\/wp\/v2\/users\/2"}],"replies":[{"embeddable":true,"href":"https:\/\/simonas.bartkus.lt\/blog\/wp-json\/wp\/v2\/comments?post=480"}],"version-history":[{"count":4,"href":"https:\/\/simonas.bartkus.lt\/blog\/wp-json\/wp\/v2\/pages\/480\/revisions"}],"predecessor-version":[{"id":489,"href":"https:\/\/simonas.bartkus.lt\/blog\/wp-json\/wp\/v2\/pages\/480\/revisions\/489"}],"wp:attachment":[{"href":"https:\/\/simonas.bartkus.lt\/blog\/wp-json\/wp\/v2\/media?parent=480"}],"curies":[{"name":"wp","href":"https:\/\/api.w.org\/{rel}","templated":true}]}}